he thousands digit of 1237744?
7
What is the hundreds digit of 1094727?
7
What is the tens digit of 329802?
0
What is the millions digit of 1340971?
1
What is the millions digit of 22487107?
2
What is the hundred thousands digit of 2594631?
5
What is the tens digit of 7223306?
0
What is the ten thousands digit of 54826?
5
What is the thousands digit of 398117?
8
What is the hundreds digit of 11502602?
6
What is the hundred thousands digit of 7160903?
1
What is the thousands digit of 94473?
4
What is the units digit of 56662?
2
What is the ten thousands digit of 851823?
5
What is the hundreds digit of 282346?
3
What is the millions digit of 5799960?
5
What is the hundred thousands digit of 1690169?
6
What is the hundreds digit of 234762?
7
What is the millions digit of 7851837?
7
What is the thousands digit of 125641?
5
What is the hundreds digit of 386030?
0
What is the hundred thousands digit of 1706656?
7
What is the ten thousands digit of 1427625?
2
What is the hundred thousands digit of 573503?
5
What is the millions digit of 19067906?
9
What is the thousands digit of 971399?
1
What is the tens digit of 956998?
9
What is the tens digit of 440604?
0
What is the ten thousands digit of 12788196?
8
What is the hundred thousands digit of 31058105?
0
What is the millions digit of 1267687?
1
What is the hundred thousands digit of 183537?
1
What is the hundreds digit of 27768?
7
What is the hundreds digit of 465103?
1
What is the millions digit of 3452783?
3
What is the tens digit of 344262?
6
What is the hundreds digit of 18741230?
2
What is the hundred thousands digit of 223662?
2
What is the hundred thousands digit of 258717?
2
What is the hundreds digit of 17119870?
8
What is the hundred thousands digit of 5700138?
7
What is the units digit of 445123?
3
What is the units digit of 756437?
7
What is the hundreds digit of 2948271?
2
What is the hundred thousands digit of 14743533?
7
What is the ten thousands digit of 18463132?
6
What is the units digit of 18745789?
9
What is the thousands digit of 690855?
0
What is the ten thousands digit of 32749968?
4
What is the hundreds digit of 3412232?
2
What is the ten thousands digit of 836257?
3
What is the units digit of 273961?
1
What is the thousands digit of 21626252?
6
What is the ten thousands digit of 371353?
7
What is the units digit of 4046101?
1
What is the thousands digit of 11075477?
5
What is the ten thousands digit of 19963166?
6
What is the thousands digit of 16116?
6
What is the tens digit of 576988?
8
What is the hundreds digit of 3272000?
0
What is the hundreds digit of 278892?
8
What is the hundreds digit of 78495?
4
What is the hundred thousands digit of 4700253?
7
What is the ten millions digit of 23083070?
2
What is the ten thousands digit of 121221?
2
What is the hundred thousands digit of 494855?
4
What is the ten thousands digit of 529383?
2
What is the hundreds digit of 8086260?
2
What is the thousands digit of 6984?
6
What is the ten thousands digit of 227108?
2
What is the thousands digit of 81569?
1
What is the hundred thousands digit of 9138486?
1
What is the millions digit of 7323658?
7
What is the ten thousands digit of 397627?
9
What is the tens digit of 69313?
1
What is the hundreds digit of 119110?
1
What is the tens digit of 355423?
2
What is the tens digit of 353978?
7
What is the tens digit of 7042586?
8
What is the thousands digit of 4689409?
9
What is the hundreds digit of 1425342?
3
What is the hundreds digit of 2062085?
0
What is the hundred thousands digit of 30578942?
5
What is the ten thousands digit of 5484173?
8
What is the millions digit of 7278817?
7
What is the ten thousands digit of 7748414?
4
What is the tens digit of 9307212?
1
What is the tens digit of 20353?
5
What is the units digit of 2587573?
3
What is the tens digit of 294966?
6
What is the hundred thousands digit of 182497?
1
What is the hundreds digit of 179925?
9
What is the units digit of 565498?
8
What is the millions digit of 8742542?
8
What is the hundreds digit of 307733?
7
What is the tens digit of 2110411?
1
What is the tens digit of 499116?
1
What is the hundred thousands digit of 148765?
1
What is the hundreds digit of 559845?
8
What is the hundreds digit of 146564?
5
What is the hundreds digit of 572521?
5
What is the tens digit of 5965321?
2
What is the units digit of 7692?
2
What is the millions digit of 4245791?
4
What is the hundreds digit of 205993?
9
What is the units digit of 3324511?
1
What is the hundred thousands digit of 16386308?
3
What is the units digit of 1227393?
3
What is the tens digit of 937354?
5
What is the hundreds digit of 1610773?
7
What is the thousands digit of 1027277?
7
What is the units digit of 6723586?
6
What is the thousands digit of 6978573?
8
What is the tens digit of 163967?
6
What is the ten thousands digit of 27108?
2
What is the thousands digit of 5995?
5
What is the thousands digit of 920769?
0
What is the units digit of 8129594?
4
What is the units digit of 14128513?
3
What is the hundreds digit of 2644380?
3
What is the millions digit of 11558567?
1
What is the thousands digit of 1389427?
9
What is the thousands digit of 35173734?
3
What is the tens digit of 8089830?
3
What is the units digit of 264795?
5
What is the ten thousands digit of 4615816?
1
What is the units digit of 249629?
9
What is the ten thousands digit of 1509432?
0
What is the hundreds digit of 10391638?
6
What is the units digit of 15772005?
5
What is the hundreds digit of 113358?
3
What is the units digit of 942873?
3
What is the millions digit of 12230997?
2
What is the thousands digit of 166847?
6
What is the thousands digit of 1058394?
8
What is the thousands digit of 3673119?
3
What is the thousands digit of 623266?
3
What is the tens digit of 2042213?
1
What is the thousands digit of 1144323?
4
What is the hundreds digit of 2314296?
2
What is the hundred thousands digit of 1244125?
2
What is the ten thousands digit of 712601?
1
What is the units digit of 26091226?
6
What is the ten thousands digit of 17076?
1
What is the thousands digit of 2768925?
8
What is the ten thousands digit of 1878244?
7
What is the tens digit of 280555?
5
What is the ten thousands digit of 2209271?
0
What is the hundreds digit of 483671?
6
What is the tens digit of 6676161?
6
What is the hundreds digit of 11832593?
5
What is the millions digit of 9160147?
9
What is the hundreds digit of 8609756?
7
What is the tens digit of 1026638?
3
What is the hundred thousands digit of 1945845?
9
What is the ten thousands digit of 2288955?
8
What is the hundreds digit of 3432435?
4
What is the tens digit of 25692001?
0
What is the hundreds digit of 275353?
3
What is the ten thousands digit of 1519450?
1
What is the hundred thousands digit of 8957588?
9
What is the hundreds digit of 12082502?
5
What is the hundred thousands digit of 430250?
4
What is the ten thousands digit of 1067829?
6
What is the tens digit of 119927?
2
What is the thousands digit of 250403?
0
What is the hundreds digit of 2130614?
6
What is the hundreds digit of 1242911?
9
What is the ten thousands digit of 616722?
1
What is the hundred thousands digit of 427733?
4
What is the ten thousands digit of 23750299?
5
What is the ten thousands digit of 2551094?
5
What is the hundred thousands digit of 318601?
3
What is the ten thousands digit of 1850374?
5
What is the units digit of 43750?
0
What is the thousands digit of 1374994?
4
What is the ten thousands digit of 5934401?
3
What is the hundred thousands digit of 1712153?
7
What is the units digit of 1064760?
0
What is the tens digit of 3964319?
1
What is the units digit of 457431?
1
What is the millions digit of 4188990?
4
What is the tens digit of 784131?
3
What is the thousands digit of 1151986?
1
What is the hundred thousands digit of 357740?
3
What is the hundred thousands digit of 5786766?
7
What is the ten thousands digit of 1507749?
0
What is the units digit of 6052011?
1
What is the hundred thousands digit of 1315167?
3
What is the thousands digit of 197602?
7
What is the millions digit of 1281185?
1
What is the hundred thousands digit of 6689606?
6
What is the hundred thousands digit of 2307048?
3
What is the ten thousands digit of 962435?
6
What is the thousands digit of 21429